3 - 170. Let k = w + z. What is the greatest common factor of k and 17?
17
Suppose 14*v - 10*v + 4*h = 240, 5*v + 4*h = 296. Suppose 10 = -k - k. Let s be (-4 - v)*4/k. What is the greatest common divisor of s and 6?
6
Let n be 5/(-25) + 666/5. Let a(g) = 7*g + 33. Let i be a(-2). Calculate the greatest common factor of i and n.
19
Let h = 258 + -154. What is the highest common factor of h and 52?
52
Let j = -73 - -32. Let g be 2 + -1 + 234/(-3). Let l = j - g. What is the greatest common divisor of 4 and l?
4
Suppose -4*l = -7*a + 6*a - 108, 5*a - 76 = -2*l. What is the highest common divisor of l and 378?
14
Suppose 7*d - 3*d = -w + 4, 0 = 4*w + 4*d - 28. Calculate the highest common divisor of w and 5.
1
Let z(k) = -k + 20. Suppose -3*i = 66 - 87. Let r be z(i). What is the highest common factor of r and 65?
13
Suppose 3*h + 5*p - 354 = 1266, 2*p - 2700 = -5*h. What is the greatest common divisor of h and 36?
36
Let k(j) = 14*j + 49. Let w be k(9). What is the highest common divisor of w and 70?
35
Let j(o) = o - 10. Let g be j(-6). Let l = g + 48. Suppose -5*k - 2*h + 13 = -7, 0 = 3*k - 5*h - 12. What is the highest common divisor of k and l?
4
Let r = -127 + 217. Calculate the greatest common divisor of 990 and r.
90
Suppose 5*x - 230 - 450 = 0. Let k = -99 + 116. Calculate the greatest common factor of x and k.
17
Suppose 2*p + 4*p = 144. Let q be (12/15)/(4/30). What is the greatest common divisor of q and p?
6
Let v be (-4)/10 - 831/(-15). Suppose -2*d = -4*f + 26, -324*f - 14 = -325*f + 3*d. What is the greatest common divisor of f and v?
5
Let g(a) = -4*a**3 + 5*a**2 + 2*a - 7. Let m be g(-3). Calculate the greatest common divisor of 35 and m.
35
Let i(f) = 92*f + 26. Let o be i(10). What is the greatest common divisor of 22 and o?
22
Suppose -5*n = -123 - 327. What is the greatest common factor of 10 and n?
10
Suppose -21 = 4*m - 2*k - 63, 21 = m + 3*k. Let s(g) = g**2 - 5*g. Let a be s(m). What is the greatest common factor of 12 and a?
12
Let f = -122 - -527. Suppose m = 4*m - f. Suppose 2*u = 4*u - 30. Calculate the greatest common factor of u and m.
15
Suppose 7*k = 1598 + 19. What is the greatest common divisor of 21 and k?
21
Let r(g) = -g**2 - 11*g - 6. Let n be r(-6). Suppose -3*s - 8 = 4*y, n = 4*y - 6*s + s. Let x be 1 + (4 - y)*13. What is the highest common factor of 100 and x?
20
Let o = 3877 + -3874. Suppose 104 = -5*s - 6. Let t be 2*-1 - (s - 1). Calculate the highest common factor of o and t.
3
Let j = -31 - -35. Suppose -3*b + 2*i + 66 + 44 = 0, 5*b + j*i - 220 = 0. What is the greatest common factor of 60 and b?
20
Suppose -g - 2*g - 9 = 0, 0 = 2*i - 5*g - 61. Let b be 2*1/2 + i. What is the highest common factor of 60 and b?
12
Let z = 3 + -3. Suppose -u + 13 = -z*u. Suppose 5*j = 361 + 224. Calculate the greatest common factor of u and j.
13
Let v = -935 + 1045. What is the highest common divisor of 70 and v?
10
Let c(h) be the first derivative of -h**3/3 - 3*h**2/2 - h - 1. Let z be c(-3). Let j = 14 - z. What is the greatest common divisor of 120 and j?
15
Suppose 0 = 9*x - 0*x - 54. Let i be 135/7 + x/(-21). What is the highest common factor of i and 38?
19
Suppose 11*k + 412 = 1820. What is the highest common divisor of k and 32?
32
Let o(d) = -d**3 + 15*d**2 + 17*d - 8. Let i(c) = 15*c + 1. Let q be i(1). Let s be o(q). What is the highest common divisor of 24 and s?
8
Let a(r) = 20*r + 23*r + 2*r**3 - 17*r**2 - 7 - 32*r. Let v be a(8). Calculate the highest common divisor of v and 68.
17
Suppose -5*k = z - 30, -k - 5*z = -2*z - 20. Suppose y = -k*y + 1032. What is the greatest common divisor of y and 43?
43
Let u = -46 - -17. Let h = -15 - u. Calculate the highest common divisor of h and 7.
7
Suppose 6*r + 5*r = 110. Suppose -3*c = -k + c + 7, 5*c - r = 0. Calculate the greatest common divisor of 60 and k.
15
Let f(a) = a**2 + 19*a + 17. Let x be f(-19). Calculate the greatest common factor of x and 153.
17
Let u(x) = -47*x + 190. Let z be u(4). Calculate the highest common divisor of z and 3.
1
Suppose 3*j + 7 + 5 = 0, -3*v + 5*j = -71. What is the highest common factor of v and 153?
17
Let m be -9*4*(-1)/2. Suppose 2 = 5*i - m, -5*p - 5 = -5*i. Calculate the highest common factor of 24 and p.
3
Let a = 1472 + -1433. What is the greatest common factor of a and 312?
39
Suppose 5*x - 4457 = -4*h, 6*h - 3562 = -4*x + h. Calculate the greatest common factor of x and 38.
19
Suppose -2*z + 4*z = 3*p + 15, -4*p = -5*z + 20. Let q be (6 - z)*140/(-30). Let l be 133*(-1 - 36/q). Calculate the highest common factor of l and 19.
19
Let k be (-5)/(2/(-8)*10). Let g(s) = -s + 2. Let u be g(0). Suppose 2*o + j + u*j = 104, k*o - j = 104. What is the highest common divisor of o and 13?
13
Suppose -5*x = 4*k - k - 192, -k - 2*x + 64 = 0. What is the greatest common factor of k and 192?
64
Let n = -211 - -300. Let y = -44 + n. Calculate the highest common divisor of y and 15.
15
Let l = 953 - 153. Calculate the highest common divisor of l and 50.
50
Let u(n) = -47*n**2 - 324*n + 5. Let r be u(-4). Calculate the highest common divisor of 9 and r.
9
Let p be (5 + -1)/((-2)/(-10)). Let j be 35*9/45 - -33. What is the greatest common factor of j and p?
20
Let h(c) = 2*c + 27. Let b be h(-12). Suppose w + 384 = 3*x, -3*x + b*w = -2*x - 128. Calculate the greatest common factor of 16 and x.
16
Suppose -119*t = -117*t, 4*t = -4*n + 15880. Calculate the greatest common factor of 10 and n.
10
Suppose 0 = -7*l - 61 - 170. Let g be l/(-21) - 9/(-21). What is the greatest common factor of g and 8?
2
Suppose 0 = 2*p + 3*y - 189, -2*p + 5*p - 3*y - 261 = 0. Calculate the highest common factor of 30 and p.
30
Let t be (-1 + 4 - -6) + -4. Let g be t/((-5)/(-18))*2. Calculate the greatest common divisor of g and 108.
36
Suppose 40*b = 21*b + 437. What is the greatest common divisor of 1541 and b?
23
Let l(z) = z + 5. Let w be l(0). Suppose p - 4*p + 9 = 0. Suppose 5*x = j - 15, -3*j - 2*j + 131 = p*x. What is the highest common divisor of w and j?
5
Suppose -5*n + 4 = -4*n. Let c be n/3 + 13/(-39). Let j be 24/c*(-2)/(-6). What is the highest common factor of 40 and j?
8
Suppose -x - 89 + 333 = 0. What is the greatest common factor of 305 and x?
61
Suppose 2*k = -5*a + 120, 4*k - 146 = -2*a + 62. What is the greatest common divisor of k and 190?
10
Let r be (-949)/(-26) - (-3)/6. What is the greatest common divisor of 1 and r?
1
Suppose -4*m + 10 + 70 = 0. Suppose 8*d - m = 4*d. Let q be ((-10)/(-4))/(d/20). Calculate the greatest common divisor of 80 and q.
10
Let i = 228 - 111. Let d = i - 77. Let s = -165 + 185. Calculate the greatest common factor of d and s.
20
Let l = 182 - 112. Suppose 0 = 5*u - 4*a - 50, -3*a - 29 = 5*u - 114. What is the greatest common divisor of u and l?
14
Suppose 5*k - 11 = -1. Suppose -k*j = 6*j - 768. Let z be 10 + 0 - (-4)/2. What is the greatest common divisor of j and z?
12
Let d(x) = 3*x + 3. Let l be d(5). Let r = l + 1. What is the highest common divisor of r and 38?
19
Let q(j) = j**3 - 22*j**2 + 4*j - 22. Let n be q(22). Calculate the greatest common factor of 12 and n.
6
Suppose -5*n + 23 + 142 = 0. Let s(i) = 11*i + 44. Let l be 511/21 - (-4)/(-3). Let h be s(l). What is the highest common divisor of n and h?
33
Suppose 0 = -6*v + 2*v + 240. What is the highest common factor of 48 and v?
12
Let f be (-2)/9 + 20/9. Let o be 2*1 - (-2)/f. Let z be 6/8 + (-525)/(-20). What is the highest common factor of z and o?
3
Let h(v) = -v**3 + 14*v**2 + v - 8. Let u be h(14). Let m be (-32)/12*(-81)/u. What is the greatest common divisor of m and 396?
36
Let m(x) = -27*x - 60. Let t be m(-4). Calculate the highest common factor of 90 and t.
6
Let m be (-1)/2 + -95*(-24)/80. What is the greatest common factor of m and 84?
28
Let j(c) = -21*c + 616. Let h be j(0). What is the highest common divisor of h and 42?
14
Suppose -26 = -25*q + 74. Calculate the highest common divisor of q and 152.
4
Let l be 6/(-4)*48/(-4). Suppose i - 7*i = -l. What is the highest common divisor of 2 and i?
1
Let k = -955 + 963. Calculate the highest common divisor of k and 296.
8
Let x = -12 + 35. What is the greatest common factor of x and 276?
23
Let k(m) = 2*m**2 + 20*m - 15. Let j be k(-11). Calculate the highest common divis